{"version":"1.0","provider_name":"Fotograf Mikael Svensson","provider_url":"https:\/\/www.mikaelsvensson.com\/photo","author_name":"Mikael Svensson","author_url":"https:\/\/www.mikaelsvensson.com\/photo\/author\/mikael\/","title":"Reportage i tidningen Foto","type":"rich","width":600,"height":338,"html":"<blockquote class=\"wp-embedded-content\" data-secret=\"Aakb654Cg2\"><a href=\"https:\/\/www.mikaelsvensson.com\/photo\/reflektioner-langs-molndalsan\/\">Reportage i Tidningen Foto<\/a><\/blockquote><iframe sandbox=\"allow-scripts\" security=\"restricted\" src=\"https:\/\/www.mikaelsvensson.com\/photo\/reflektioner-langs-molndalsan\/embed\/#?secret=Aakb654Cg2\" width=\"600\" height=\"338\" title=\"\u201dReportage i Tidningen Foto\u201d &ndash; Fotograf Mikael Svensson\" data-secret=\"Aakb654Cg2\" frameborder=\"0\" marginwidth=\"0\" marginheight=\"0\" scrolling=\"no\" class=\"wp-embedded-content\"><\/iframe><script>\n\/*! This file is auto-generated *\/\n!function(d,l){\"use strict\";l.querySelector&&d.addEventListener&&\"undefined\"!=typeof URL&&(d.wp=d.wp||{},d.wp.receiveEmbedMessage||(d.wp.receiveEmbedMessage=function(e){var t=e.data;if((t||t.secret||t.message||t.value)&&!\/[^a-zA-Z0-9]\/.test(t.secret)){for(var s,r,n,a=l.querySelectorAll('iframe[data-secret=\"'+t.secret+'\"]'),o=l.querySelectorAll('blockquote[data-secret=\"'+t.secret+'\"]'),c=new RegExp(\"^https?:$\",\"i\"),i=0;i<o.length;i++)o[i].style.display=\"none\";for(i=0;i<a.length;i++)s=a[i],e.source===s.contentWindow&&(s.removeAttribute(\"style\"),\"height\"===t.message?(1e3<(r=parseInt(t.value,10))?r=1e3:~~r<200&&(r=200),s.height=r):\"link\"===t.message&&(r=new URL(s.getAttribute(\"src\")),n=new URL(t.value),c.test(n.protocol))&&n.host===r.host&&l.activeElement===s&&(d.top.location.href=t.value))}},d.addEventListener(\"message\",d.wp.receiveEmbedMessage,!1),l.addEventListener(\"DOMContentLoaded\",function(){for(var e,t,s=l.querySelectorAll(\"iframe.wp-embedded-content\"),r=0;r<s.length;r++)(t=(e=s[r]).getAttribute(\"data-secret\"))||(t=Math.random().toString(36).substring(2,12),e.src+=\"#?secret=\"+t,e.setAttribute(\"data-secret\",t)),e.contentWindow.postMessage({message:\"ready\",secret:t},\"*\")},!1)))}(window,document);\n\/\/# sourceURL=https:\/\/www.mikaelsvensson.com\/photo\/wp-includes\/js\/wp-embed.min.js\n<\/script>\n","description":"Det flyter varken timmer eller pr\u00e5mar p\u00e5 M\u00f6lndals\u00e5n l\u00e4ngre. \u00e5n som i fornstora dagar var av stor betydelse, b\u00e5de som dricksvatten, transportled och som drivkraft \u00e5t alla kvarnar. Idag har dess funktioner f\u00f6rsvunnit in i historieb\u00f6ckerna, och att dricka dess vatten \u00e4r inte det f\u00f6rsta man t\u00e4nker p\u00e5. N\u00e4r jag h\u00f6sten 2004 \u00e5terv\u00e4nde hem till M\u00f6lndal s\u00e5g jag min barndomsstad med nya \u00f6gon \u2013 och \u00e5teruppt\u00e4ckte M\u00f6lndals\u00e5n. I slutet av 2006 gjorde \u00e5n ett nytt f\u00f6rs\u00f6k att f\u00e5 uppm\u00e4rksamhet d\u00e5 den \u00e4n en g\u00e5ng sv\u00e4mmade \u00f6ver och lade stora delar av centrala M\u00f6lndal under vatten.","thumbnail_url":"https:\/\/www.mikaelsvensson.com\/photo\/wp-content\/uploads\/2007\/04\/0502010511.jpg"}

Det flyter varken timmer eller pråmar på Mölndalsån längre. ån som i fornstora dagar var av stor betydelse, både som dricksvatten, transportled och som drivkraft åt alla kvarnar. Idag har dess funktioner försvunnit in i historieböckerna, och att dricka dess vatten är inte det första man tänker på. När jag hösten 2004 återvände hem till Mölndal såg jag min barndomsstad med nya ögon – och återupptäckte Mölndalsån. I slutet av 2006 gjorde ån ett nytt försök att få uppmärksamhet då den än en gång svämmade över och lade stora delar av centrala Mölndal under vatten.
